{"id":224,"date":"2026-04-08T08:44:28","date_gmt":"2026-04-08T06:44:28","guid":{"rendered":"https:\/\/go-games.info\/?page_id=224"},"modified":"2026-04-08T08:53:03","modified_gmt":"2026-04-08T06:53:03","slug":"privacy-policy","status":"publish","type":"page","link":"https:\/\/go-games.info\/?page_id=224","title":{"rendered":"Privacy policy"},"content":{"rendered":"\n<p>Policy sulla privacy per gli utenti che consultano il sito www.go-games.info<br>Informativa ai sensi dell&#8217;articolo 13 del Regolamento (UE) 2016\/679<br>Rev.0 del 07\/04\/2026<\/p>\n\n\n\n<p><br>PERCH\u00c9 QUESTE INFORMAZIONI<br>Ai sensi del Regolamento (UE) 2016\/679 (di seguito &#8220;Regolamento&#8221;), questa pagina descrive le modalit\u00e0 di<br>trattamento dei dati personali degli utenti che consultano il sito web dei Go!Games curato dall\u2019Unione delle Associazioni di<br>Lucinico APS &#8211; \u201cLucinis\u201d (di seguito \u201cLucinis\u201d) accessibili per via telematica a partire dall\u2019indirizzo web<br>www.go-games.info<br>Le presenti informazioni non riguardano altri siti, pagine o servizi online raggiungibili tramite link<br>ipertestuali eventualmente pubblicati nel sito ma riferiti a risorse esterne al dominio di www.go-games.info<\/p>\n\n\n\n<p><br>TITOLARE DEL TRATTAMENTO<br>A seguito della consultazione del sito sopra indicato possono essere trattati dati relativi a persone fisiche<br>identificate o identificabili.<br>Titolare del trattamento \u00e8 l\u2019 UNIONE ASSOCIAZIONI DI LUCINICO APS, cod. fisc. 91037100319 , in persona<br>del legale rappresentante pro-tempore &#8211; con sede in Stradone della Mainizza n 219, 34170 \u2013<br>Lucinico\/Gorizia, e-mail: ua.lucinico@libero.it, PEC: ua.lucinico@pcert.postecert.it.<\/p>\n\n\n\n<p><br>BASE GIURIDICA DEL TRATTAMENTO<br>I dati personali indicati in questa pagina sono trattati dall\u2019associazione \u201cLucinis\u201d, nell&#8217;esecuzione dei propri<br>compiti di promozione culturale, storica e sociale.<\/p>\n\n\n\n<p><br>TIPI DI DATI TRATTATI E FINALIT\u00c0 DEL TRATTAMENTO<br>Dati di navigazione<\/p>\n\n\n\n<p>I sistemi informatici e le procedure software preposte al funzionamento di questo sito acquisiscono, nel<br>corso del loro normale esercizio, alcuni dati personali la cui trasmissione \u00e8 implicita nell&#8217;uso dei protocolli di<br>comunicazione di Internet.<br>In questa categoria di dati rientrano gli indirizzi IP o i nomi a dominio dei computer e dei terminali utilizzati<br>dagli utenti, gli indirizzi in notazione URI\/URL (Uniform Resource Identifier\/Locator) delle risorse richieste,<br>l&#8217;orario della richiesta, il metodo utilizzato nel sottoporre la richiesta al server, la dimensione del file<br>ottenuto in risposta, il codice numerico indicante lo stato della risposta data dal server (buon fine, errore,<br>ecc.) ed altri parametri relativi al sistema operativo e all&#8217;ambiente informatico dell&#8217;utente.<br>Tali dati, necessari per la fruizione dei servizi web, vengono anche trattati allo scopo di:<\/p>\n\n\n\n<p>ottenere informazioni statistiche sull&#8217;uso dei servizi (pagine pi\u00f9 visitate, numero di visitatori per<br>fascia oraria o giornaliera, aree geografiche di provenienza, ecc.);<\/p>\n\n\n\n<p>controllare il corretto funzionamento dei servizi offerti.<br>I dati di navigazione non persistono per pi\u00f9 di sette giorni e vengono cancellati immediatamente dopo la<br>loro aggregazione (salve eventuali necessit\u00e0 di accertamento di reati da parte dell&#8217;Autorit\u00e0 giudiziaria).<\/p>\n\n\n\n<p>Dati comunicati dall&#8217;utente<br>L&#8217;invio facoltativo, esplicito e volontario di messaggi agli indirizzi di contatto dell\u2019Associazione, del gestore<br>del sito e del postmaster, nonch\u00e9 la compilazione e l&#8217;inoltro di eventuali moduli presenti sul sito<br>www.go-games.info, comportano l&#8217;acquisizione dei dati di contatto del mittente, necessari a<br>rispondere, nonch\u00e9 di tutti i dati personali inclusi nelle comunicazioni.<br>Specifiche informative verranno pubblicate, ove necessario, nelle pagine del sito www.go-games.info<br>predisposte per l&#8217;erogazione di determinati servizi.<\/p>\n\n\n\n<p><br>Cookie e altri sistemi di tracciamento<br>I cookies sono piccoli file di testo che i siti visitati inviano al terminale dell&#8217;Utente, dove vengono<br>memorizzati, per poi essere ritrasmessi agli stessi siti alla visita successiva.<br>Il Sito www.go-games.info utilizza:<br>\u2212 cookies di sessione utilizzati per la gestione del servizio di autenticazione strumentale all\u2019accesso da parte<br>degli utenti alle aree riservate del Sito; i cookies di autenticazione consentiranno la memorizzazione<br>temporanea dell\u2019username e della password scelti dagli utenti per l\u2019accesso all\u2019area riservata del Sito;<br>\u2212 cookies analytics utilizzati per raccogliere informazioni, in forma aggregata, sul numero degli Utenti e su<br>come gli stessi visitano il Sito; i cookies analytics consentono, tra l\u2019altro, la raccolta e l\u2019elaborazione dei dati<br>di navigazione dell\u2019Utente, tra cui gli indirizzi IP o i nomi a dominio dei computer utilizzati dagli Utenti che si<br>connettono al Sito, gli indirizzi in notazione URI (Uniform Resource Identifier) delle risorse richieste, l&#8217;orario<br>della richiesta, il metodo utilizzato nel sottoporre la richiesta al server, la dimensione del file ottenuto in<br>risposta, ed altri parametri relativi al sistema operativo e all&#8217;ambiente informatico dell&#8217;Utente; i dati sono<br>raccolti all\u2019unico fine di elaborare informazioni statistiche anonime sull&#8217;uso del Sito e per verificare il corretto<br>funzionamento dello stesso; i dati di navigazione potrebbero essere utilizzati in vista dell\u2019identificazione<br>dell\u2019Utente solo nel caso in cui ci\u00f2 fosse necessario per l\u2019accertamento di reati di natura informatica.<br>I cookies utilizzati dal Sito non consentono la raccolta di informazioni personali relative all\u2019utente e si<br>cancellano automaticamente con la chiusura del browser di navigazione.<br>I cookies non sono utilizzati per attivit\u00e0 di profilazione dell\u2019Utente.<br>L\u2019Utente pu\u00f2 scegliere di abilitare o disabilitare i cookies intervenendo sulle impostazioni del proprio<br>browser di navigazione secondo le istruzioni rese disponibili dai relativi fornitori. La disabilitazione dei<br>cookies di sessione comporter\u00e0 l\u2019impossibilit\u00e0 per l\u2019Utente di autenticarsi in vista dell\u2019accesso all\u2019area<br>riservata del Sito. Il sito www.go-games.info invia pertanto un cookie quando l&#8217;utente vi accede oppure inoltra<br>richieste o informazioni personalizzate. Navigando nel sito www.go-games.info l\u2019utente esprime il consenso<br>all\u2019archiviazione dei cookies sul proprio computer consentendo l\u2019acquisizione di informazioni, quali ad<br>esempio, indirizzo IP, ora della visita, eventuali accessi precedenti, pagine web visitate.<br>Salvo quanto sopra indicato, il sito www.go-games.info non fa uso di altri cookies per la trasmissione di<br>informazioni di carattere personale e non utilizza altri sistemi per il tracciamento degli utenti.<\/p>\n\n\n\n<p><br>DESTINATARI DEI DATI<br>Il trattamento dei dati raccolti a seguito della consultazione del sito sopra indicato avviene presso la sede<br>dell\u2019Associazione ovvero a bordo dei sistemi informatici del provider del sito www.go-games.info a cura del<br>proprio personale volontario che agisce sulla base di specifiche istruzioni fornite in ordine a finalit\u00e0 e<br>modalit\u00e0 del trattamento medesimo.<\/p>\n\n\n\n<p><br>DIRITTI DEGLI INTERESSATI<br>Gli interessati hanno il diritto di ottenere dall\u2019Associazione \u201cLucinis\u201d, nei casi previsti, l&#8217;accesso ai dati<br>personali e la rettifica o la cancellazione degli stessi o la limitazione del trattamento che li riguarda o di<br>opporsi al trattamento (artt. 15 e ss. del Regolamento). L&#8217;apposita istanza all\u2019 Associazione \u201cLucinis\u201d pu\u00f2<br>essere presentata contattando il Presidente dell\u2019Associazione \u201cLucinis\u201d titolare del trattamento agli indirizzi<br>email o PEC indicati nella presente informativa e di seguito riportati: e-mail: ua.lucinico@libero.it, PEC:<br>ua.lucinico@pcert.postecert.it.<\/p>\n\n\n\n<p><br>DIRITTO DI RECLAMO<br>Gli interessati che ritengono che il trattamento dei dati personali a loro riferiti effettuato attraverso questo<br>sito avvenga in violazione di quanto previsto dal Regolamento hanno il diritto di proporre reclamo al<br>Garante per la protezione dei dati personali, come previsto dall&#8217;art. 77 del Regolamento stesso, o di adire le<br>opportune sedi giudiziarie (art. 79 del Regolamento).<br>Questo documento \u00e8 aggiornato al 20 agosto 2025 (rev.0).<br>L\u2019Unione delle Associazioni di Lucinico APS \u2013 Lucinis si riserva il diritto di aggiornare la presente informativa<br>in qualsiasi momento; l&#8217;utente si impegna a visitare periodicamente la presente sezione al fine di prendere<br>visione delle eventuali modifiche apportate.<\/p>\n","protected":false},"excerpt":{"rendered":"<p>Policy sulla privacy per gli utenti che consultano il sito www.go-games.infoInformativa ai sensi dell&#8217;articolo 13 del Regolamento (UE) 2016\/679Rev.0 del 07\/04\/2026 PERCH\u00c9 QUESTE INFORMAZIONIAi sensi del Regolamento (UE) 2016\/679 (di seguito &#8220;Regolamento&#8221;), questa pagina descrive le modalit\u00e0 ditrattamento dei dati personali degli utenti che consultano il sito web dei Go!Games curato dall\u2019Unione delle Associazioni diLucinico [&hellip;]<\/p>\n","protected":false},"author":1,"featured_media":0,"parent":0,"menu_order":0,"comment_status":"closed","ping_status":"closed","template":"","meta":{"footnotes":""},"class_list":["post-224","page","type-page","status-publish","hentry"],"jetpack_sharing_enabled":true,"_links":{"self":[{"href":"https:\/\/go-games.info\/index.php?rest_route=\/wp\/v2\/pages\/224","targetHints":{"allow":["GET"]}}],"collection":[{"href":"https:\/\/go-games.info\/index.php?rest_route=\/wp\/v2\/pages"}],"about":[{"href":"https:\/\/go-games.info\/index.php?rest_route=\/wp\/v2\/types\/page"}],"author":[{"embeddable":true,"href":"https:\/\/go-games.info\/index.php?rest_route=\/wp\/v2\/users\/1"}],"replies":[{"embeddable":true,"href":"https:\/\/go-games.info\/index.php?rest_route=%2Fwp%2Fv2%2Fcomments&post=224"}],"version-history":[{"count":3,"href":"https:\/\/go-games.info\/index.php?rest_route=\/wp\/v2\/pages\/224\/revisions"}],"predecessor-version":[{"id":229,"href":"https:\/\/go-games.info\/index.php?rest_route=\/wp\/v2\/pages\/224\/revisions\/229"}],"wp:attachment":[{"href":"https:\/\/go-games.info\/index.php?rest_route=%2Fwp%2Fv2%2Fmedia&parent=224"}],"curies":[{"name":"wp","href":"https:\/\/api.w.org\/{rel}","templated":true}]}}